{"id":1121,"date":"2019-02-26T16:38:59","date_gmt":"2019-02-26T15:38:59","guid":{"rendered":"http:\/\/pixelworker.com\/wordpress\/?page_id=1121"},"modified":"2023-05-19T17:06:52","modified_gmt":"2023-05-19T15:06:52","slug":"cv","status":"publish","type":"page","link":"http:\/\/pixelworker.com\/wordpress\/cv\/","title":{"rendered":"\u00dcBER MICH"},"content":{"rendered":"<p><div class=\"fusion-fullwidth fullwidth-box fusion-builder-row-1 nonhundred-percent-fullwidth non-hundred-percent-height-scrolling\" style=\"--awb-border-radius-top-left:0px;--awb-border-radius-top-right:0px;--awb-border-radius-bottom-right:0px;--awb-border-radius-bottom-left:0px;--awb-padding-top:0px;\" ><div class=\"fusion-builder-row fusion-row\"><div class=\"fusion-layout-column fusion_builder_column fusion-builder-column-0 fusion_builder_column_1_1 1_1 fusion-one-full fusion-column-first fusion-column-last\" style=\"--awb-bg-size:cover;\"><div class=\"fusion-column-wrapper fusion-flex-column-wrapper-legacy\"><div class=\"fusion-image-element fusion-image-align-center in-legacy-container\" style=\"text-align:center;--awb-caption-title-size:var(--h2_typography-font-size);--awb-caption-title-transform:var(--h2_typography-text-transform);--awb-caption-title-line-height:var(--h2_typography-line-height);--awb-caption-title-letter-spacing:var(--h2_typography-letter-spacing);\"><div class=\"imageframe-align-center\"><span class=\" fusion-imageframe imageframe-none imageframe-1 hover-type-none\"><img decoding=\"async\" width=\"72\" height=\"72\" alt=\"\u00fcber mich\" title=\"symbol_me\" src=\"http:\/\/pixelworker.com\/wordpress\/wp-content\/uploads\/2019\/03\/symbol_me.png\" class=\"img-responsive wp-image-1793\"\/><\/span><\/div><\/div><div class=\"fusion-sep-clear\"><\/div><div class=\"fusion-separator fusion-full-width-sep\" style=\"margin-left: auto;margin-right: auto;margin-top:7px;width:100%;\"><\/div><div class=\"fusion-sep-clear\"><\/div><div class=\"fusion-text fusion-text-1\"><h2 style=\"text-align: center;\">curriculum vitae<\/h2>\n<\/div><div class=\"fusion-clearfix\"><\/div><\/div><\/div><\/div><\/div><div class=\"fusion-fullwidth fullwidth-box fusion-builder-row-2 nonhundred-percent-fullwidth non-hundred-percent-height-scrolling\" style=\"--awb-border-radius-top-left:0px;--awb-border-radius-top-right:0px;--awb-border-radius-bottom-right:0px;--awb-border-radius-bottom-left:0px;--awb-padding-top:0px;\" ><div class=\"fusion-builder-row fusion-row\"><div class=\"fusion-layout-column fusion_builder_column fusion-builder-column-1 fusion_builder_column_1_2 1_2 fusion-one-half fusion-column-first\" style=\"--awb-bg-size:cover;width:50%;width:calc(50% - ( ( 4% ) * 0.5 ) );margin-right: 4%;\"><div class=\"fusion-column-wrapper fusion-flex-column-wrapper-legacy\"><div class=\"fusion-text fusion-text-2\"><div align=\"left\">\n<ul>\n<li>Geboren 1972, aufgewachsen im Bezirk Liezen.<\/li>\n<li>Stiftsgymnasium Admont, Matura an der BHAK Liezen<\/li>\n<li>einige Semester Studium &#8222;Medienf\u00e4cherb\u00fcndel&#8220; an der Karl-Franzens-Universit\u00e4t, Graz<\/li>\n<li>Redaktionsmitarbeiterin und Regieassistentin beim ORF Landesstudio Steiermark<\/li>\n<li>Angestellte in der \u00d6ffentlichkeitsarbeit der Caritas, Graz<\/li>\n<li>Grafik- und Designkurse in Wien und Graz<\/li>\n<li>Angestellte im Schulungszentrum Fohnsdorf<\/li>\n<li>sp\u00e4ter bei dessen Tochtergesellschaft Bildungs- und Management Service GmbH als Screen-Designerin und im Sektor Unterricht \/ Erwachsenenbildung \/ Firmenschulungen<\/li>\n<\/ul>\n<\/div>\n<\/div><div class=\"fusion-clearfix\"><\/div><\/div><\/div><div class=\"fusion-layout-column fusion_builder_column fusion-builder-column-2 fusion_builder_column_1_2 1_2 fusion-one-half fusion-column-last\" style=\"--awb-bg-size:cover;width:50%;width:calc(50% - ( ( 4% ) * 0.5 ) );\"><div class=\"fusion-column-wrapper fusion-flex-column-wrapper-legacy\"><div class=\"fusion-text fusion-text-3\"><ul>\n<li>Geburt von Tochter Marlena<\/li>\n<li>Vor ~ 21 Jahren Gr\u00fcndung der Werbeagentur Pixelworker<\/li>\n<li>Absolventin der Fotoakademie Graz<\/li>\n<li>Meistervorbereitungslehrgang<\/li>\n<li>Ablegen der Meisterpr\u00fcfung f\u00fcr Fotografie<\/li>\n<li>Ich lebe und arbeite als selbst\u00e4ndige Fotografin und Grafikerin in Graz<\/li>\n<li>aktuell: Ausbildung zum \u201ecertified Video Engineer\u201c an der Akademie Media und Lehrt\u00e4tigkeit am Wifi Steiermark im Diplomlehrgang zum\/zur Fotoassistent\/in<\/li>\n<\/ul>\n<\/div><div class=\"fusion-clearfix\"><\/div><\/div><\/div><\/div><\/div><\/p>\n","protected":false},"excerpt":{"rendered":"","protected":false},"author":1,"featured_media":0,"parent":0,"menu_order":0,"comment_status":"closed","ping_status":"closed","template":"","meta":[],"_links":{"self":[{"href":"http:\/\/pixelworker.com\/wordpress\/wp-json\/wp\/v2\/pages\/1121"}],"collection":[{"href":"http:\/\/pixelworker.com\/wordpress\/wp-json\/wp\/v2\/pages"}],"about":[{"href":"http:\/\/pixelworker.com\/wordpress\/wp-json\/wp\/v2\/types\/page"}],"author":[{"embeddable":true,"href":"http:\/\/pixelworker.com\/wordpress\/wp-json\/wp\/v2\/users\/1"}],"replies":[{"embeddable":true,"href":"http:\/\/pixelworker.com\/wordpress\/wp-json\/wp\/v2\/comments?post=1121"}],"version-history":[{"count":25,"href":"http:\/\/pixelworker.com\/wordpress\/wp-json\/wp\/v2\/pages\/1121\/revisions"}],"predecessor-version":[{"id":2190,"href":"http:\/\/pixelworker.com\/wordpress\/wp-json\/wp\/v2\/pages\/1121\/revisions\/2190"}],"wp:attachment":[{"href":"http:\/\/pixelworker.com\/wordpress\/wp-json\/wp\/v2\/media?parent=1121"}],"curies":[{"name":"wp","href":"https:\/\/api.w.org\/{rel}","templated":true}]}}

ÜBER MICH

<p><div class="fusion-fullwidth fullwidth-box fusion-builder-row-1 nonhundred-percent-fullwidth non-hundred-percent-height-scrolling" style="--awb-border-radius-top-left:0px;--awb-border-radius-top-right:0px;--awb-border-radius-bottom-right:0px;--awb-border-radius-bottom-left:0px;--awb-padding-top:0px;" ><div class="fusion-builder-row fusion-row"><div class="fusion-layout-column fusion_builder_column fusion-builder-column-0 fusion_builder_column_1_1 1_1 fusion-one-full fusion-column-first fusion-column-last" style="--awb-bg-size:cover;"><div class="fusion-column-wrapper fusion-flex-column-wrapper-legacy"><div class="fusion-image-element fusion-image-align-center in-legacy-container" style="text-align:center;--awb-caption-title-size:var(--h2_typography-font-size);--awb-caption-title-transform:var(--h2_typography-text-transform);--awb-caption-title-line-height:var(--h2_typography-line-height);--awb-caption-title-letter-spacing:var(--h2_typography-letter-spacing);"><div class="imageframe-align-center"><span class=" fusion-imageframe imageframe-none imageframe-1 hover-type-none"><img decoding="async" width="72" height="72" alt="über mich" title="symbol_me" src="http://pixelworker.com/wordpress/wp-content/uploads/2019/03/symbol_me.png" class="img-responsive wp-image-1793"/></span></div></div><div class="fusion-sep-clear"></div><div class="fusion-separator fusion-full-width-sep" style="margin-left: auto;margin-right: auto;margin-top:7px;width:100%;"></div><div class="fusion-sep-clear"></div><div class="fusion-text fusion-text-1"><h2 style="text-align: center;">curriculum vitae</h2>
</div><div class="fusion-clearfix"></div></div></div></div></div><div class="fusion-fullwidth fullwidth-box fusion-builder-row-2 nonhundred-percent-fullwidth non-hundred-percent-height-scrolling" style="--awb-border-radius-top-left:0px;--awb-border-radius-top-right:0px;--awb-border-radius-bottom-right:0px;--awb-border-radius-bottom-left:0px;--awb-padding-top:0px;" ><div class="fusion-builder-row fusion-row"><div class="fusion-layout-column fusion_builder_column fusion-builder-column-1 fusion_builder_column_1_2 1_2 fusion-one-half fusion-column-first" style="--awb-bg-size:cover;width:50%;width:calc(50% - ( ( 4% ) * 0.5 ) );margin-right: 4%;"><div class="fusion-column-wrapper fusion-flex-column-wrapper-legacy"><div class="fusion-text fusion-text-2"><div align="left">
<ul>
<li>Geboren 1972, aufgewachsen im Bezirk Liezen.</li>
<li>Stiftsgymnasium Admont, Matura an der BHAK Liezen</li>
<li>einige Semester Studium &#8222;Medienfächerbündel&#8220; an der Karl-Franzens-Universität, Graz</li>
<li>Redaktionsmitarbeiterin und Regieassistentin beim ORF Landesstudio Steiermark</li>
<li>Angestellte in der Öffentlichkeitsarbeit der Caritas, Graz</li>
<li>Grafik- und Designkurse in Wien und Graz</li>
<li>Angestellte im Schulungszentrum Fohnsdorf</li>
<li>später bei dessen Tochtergesellschaft Bildungs- und Management Service GmbH als Screen-Designerin und im Sektor Unterricht / Erwachsenenbildung / Firmenschulungen</li>
</ul>
</div>
</div><div class="fusion-clearfix"></div></div></div><div class="fusion-layout-column fusion_builder_column fusion-builder-column-2 fusion_builder_column_1_2 1_2 fusion-one-half fusion-column-last" style="--awb-bg-size:cover;width:50%;width:calc(50% - ( ( 4% ) * 0.5 ) );"><div class="fusion-column-wrapper fusion-flex-column-wrapper-legacy"><div class="fusion-text fusion-text-3"><ul>
<li>Geburt von Tochter Marlena</li>
<li>Vor ~ 21 Jahren Gründung der Werbeagentur Pixelworker</li>
<li>Absolventin der Fotoakademie Graz</li>
<li>Meistervorbereitungslehrgang</li>
<li>Ablegen der Meisterprüfung für Fotografie</li>
<li>Ich lebe und arbeite als selbständige Fotografin und Grafikerin in Graz</li>
<li>aktuell: Ausbildung zum „certified Video Engineer“ an der Akademie Media und Lehrtätigkeit am Wifi Steiermark im Diplomlehrgang zum/zur Fotoassistent/in</li>
</ul>
</div><div class="fusion-clearfix"></div></div></div></div></div></p>
